ded by 260710?
3
Calculate the remainder when 23213862 is divided by 7737896.
174
Calculate the remainder when 313371 is divided by 11505.
2736
Calculate the remainder when 125448490 is divided by 13088.
10
Calculate the remainder when 197397945 is divided by 555.
540
Calculate the remainder when 15590504 is divided by 15590471.
33
What is the remainder when 105995035 is divided by 7903?
7902
What is the remainder when 2028487 is divided by 9129?
1849
What is the remainder when 88165 is divided by 4879?
343
Calculate the remainder when 594753 is divided by 305.
3
Calculate the remainder when 107891078 is divided by 40.
38
Calculate the remainder when 4970046 is divided by 25.
21
What is the remainder when 3022308 is divided by 9718?
10
Calculate the remainder when 5501274 is divided by 1375317.
6
What is the remainder when 79147 is divided by 7617?
2977
What is the remainder when 58285 is divided by 19417?
34
Calculate the remainder when 221228 is divided by 459.
449
Calculate the remainder when 338286 is divided by 6912.
6510
What is the remainder when 236472 is divided by 59112?
24
Calculate the remainder when 2611158 is divided by 61.
53
What is the remainder when 55860772 is divided by 7625?
22
Calculate the remainder when 246153 is divided by 384.
9
What is the remainder when 13246951 is divided by 413966?
39
What is the remainder when 610388 is divided by 87198?
2
What is the remainder when 240452 is divided by 435?
332
Calculate the remainder when 245368 is divided by 405.
343
What is the remainder when 684021 is divided by 788?
37
What is the remainder when 240622 is divided by 120300?
22
What is the remainder when 6988240 is divided by 873529?
8
Calculate the remainder when 728855 is divided by 105.
50
Calculate the remainder when 369714654 is divided by 122.
120
Calculate the remainder when 27632 is divided by 2599.
1642
What is the remainder when 27643 is divided by 1435?
378
What is the remainder when 392453 is divided by 17822?
369
Calculate the remainder when 29583011 is divided by 3420.
11
What is the remainder when 53183 is divided by 1940?
803
Calculate the remainder when 21262604 is divided by 1059.
2
What is the remainder when 4161748 is divided by 86700?
148
Calculate the remainder when 623602 is divided by 333.
226
What is the remainder when 47897 is divided by 23875?
147
Calculate the remainder when 253746209 is divided by 38.
31
Calculate the remainder when 7864028 is divided by 7863997.
31
Calculate the remainder when 43742 is divided by 404.
110
Calculate the remainder when 640624 is divided by 502.
72
What is the remainder when 1477619 is divided by 369401?
15
Calculate the remainder when 62792 is divided by 550.
92
Calculate the remainder when 15287764 is divided by 617.
355
Calculate the remainder when 4920650 is divided by 28443.
11
Calculate the remainder when 18518 is divided by 371.
339
Calculate the remainder when 581625726 is divided by 914.
912
What is the remainder when 154531 is divided by 477?
460
Calculate the remainder when 5066480 is divided by 1266.
1214
Calculate the remainder when 24491 is divided by 5233.
3559
What is the remainder when 3387813 is divided by 1784?
1781
Calculate the remainder when 988191 is divided by 236.
59
Calculate the remainder when 676211 is divided by 3046.
3045
What is the remainder when 11221016 is divided by 5610504?
8
What is the remainder when 958116724 is divided by 63?
61
What is the remainder when 81839357 is divided by 27279781?
14
What is the remainder when 2723944 is divided by 1953?
1462
What is the remainder when 23153875 is divided by 2572648?
43
Calculate the remainder when 128345 is divided by 5413.
3846
Calculate the remainder when 335281 is divided by 4856.
217
Calculate the remainder when 244387 is divided by 30494.
435
What is the remainder when 41961734 is divided by 147?
143
Calculate the remainder when 20868063 is divided by 2.
1
Calculate the remainder when 1179661 is divided by 70.
21
Calculate the remainder when 3431340 is divided by 703.
700
Calculate the remainder when 3026 is divided by 643.
454
What is the remainder when 2007942 is divided by 334590?
402
Calculate the remainder when 253049 is divided by 126314.
421
Calculate the remainder when 98000 is divided by 388.
224
Calculate the remainder when 18827283 is divided by 7944.
3
What is the remainder when 77561 is divided by 25513?
1022
What is the remainder when 14759763 is divided by 303?
27
What is the remainder when 97483 is divided by 9090?
6583
What is the remainder when 15045 is divided by 7514?
17
What is the remainder when 3072510 is divided by 1420?
1050
Calculate the remainder when 914991 is divided by 914184.
807
Calculate the remainder when 155073 is divided by 9635.
913
Calculate the remainder when 8203282 is divided by 76.
70
Calculate the remainder when 27531 is divided by 550.
31
What is the remainder when 87601183 is divided by 915?
913
What is the remainder when 250948 is divided by 35831?
131
What is the remainder when 10392188 is divided by 9?
5
Calculate the remainder when 96555833 is divided by 13.
10
What is the remainder when 1643895 is divided by 1144?
1111
Calculate the remainder when 84614 is divided by 10537.
318
What is the remainder when 11645036 is divided by 94?
34
What is the remainder when 415777 is divided by 178?
147
Calculate the remainder when 1131633 is divided by 5010.
4383
Calculate the remainder when 38125 is divided by 240.
205
Calculate the remainder when 8957181 is divided by 146839.
2
Calculate the remainder when 27475584 is divided by 29.
27
What is the remainder when 2856968 is divided by 2790?
8
What is the remainder when 1624979 is divided by 106?
105
What is the remainder when 2054275 is divided by 892?
891
Calculate the remainder when 1015541747 is divided by 6903.
6902
What is the remainder when 1485904 is divided by 2416?
64
Calculate the remainder when 397628 is divided by 198729.
170
What is the remainder when 543436 is divided by 147?
124
What is the remainder when 327990 is divided by 1349?
183
What is the remainder when 6972271 is divided by 8?
7
What is the remainder when 207148 is divided by 25873?
164
What is the remainder when 1139036 is divided by 11054?
474
What is the remainder when 301094 is divided by 75264?
38
What is the remainder when 55866 is divided by 27860?
146
What is the remainder when 4390 is divided by 542?
54
Calculate the remainder when 6347849 is divided by 352653.
95
Calculate the remainder when 716445 is divided by 896.
541
What is the remainder when 4518749 is divided by 502080?
29
Calculate the remainder when 6478658 is divided by 1316.
1306
What is the remainder when 210145 is divided by 1051?
996
Calculate the remainder when 263383 is divided by 392.
351
Calculate the remainder when 108113972 is divided by 26.
18
What is the remainder when 15120 is divided by 3728?
208
What is the remainder when 505141 is divided by 8123?
1515
Calculate the remainder when 266949 is divided by 95.
94
What is the remainder when 157675 is divided by 680?
595
What is the remainder when 252331 is divided by 1526?
541
What is the remainder when 57404 is divided by 9?
2
Calculate the remainder when 11394 is divided by 5190.
1014
Calculate the remainder when 119088 is divided by 86.
64
What is the remainder when 1280263 is divided by 3414?
13
What is the remainder when 18950344 is divided by 331?
263
What is the remainder when 4468687 is divided by 238?
237
What is the remainder when 57306 is divided by 57167?
139
Calculate the remainder when 5246040 is divided by 36.
12
What is the remainder when 5492369 is divided by 1691?
1
Calculate the remainder when 70570 is divided by 33764.
3042
What is the remainder when 11330 is divided by 1130?
30
What is the remainder when 828645 is divided by 203?
202
What is the remainder when 23487 is divided by 22926?
561
Calculate the remainder when 68295 is divided by 6152.
623
What is the remainder when 25552597 is divided by 1503093?
16
Calculate the remainder when 1075969 is divided by 508.
25
Calculate the remainder when 267147396 is divided by 826.
824
What is the remainder when 86239 is divided by 1449?
748
Calculate the remainder when 1341716 is divided by 155.
36
What is the remainder